{"id":7577,"date":"2018-03-21T15:01:10","date_gmt":"2018-03-21T14:01:10","guid":{"rendered":"http:\/\/www.gardenpiu.eu\/portale\/?page_id=7577"},"modified":"2018-07-12T12:03:59","modified_gmt":"2018-07-12T10:03:59","slug":"ristrutturazione","status":"publish","type":"page","link":"https:\/\/www.gardenpiu.eu\/portale\/ristrutturazione\/","title":{"rendered":"Ristrutturazione"},"content":{"rendered":"[vc_row row_type=&#8221;row&#8221; text_align=&#8221;left&#8221; css_animation=&#8221;&#8221;][vc_column][vc_column_text el_class=&#8221;giustificato&#8221;]<strong><span style=\"color: #000000;\">NUOVO SPLENDORE ALLA TUA PISCINA<\/span><\/strong><\/p>\n<p><span style=\"color: #000000;\">La vita media di una piscina interrata e dei sui accessori \u00e8 di circa 10\/15 anni, in quanto l&#8217;utilizzo intensivo dei prodotti e soprattutto del cloro, molto spesso usato senza i dovuti accorgimenti, vanno ad intaccare il rivestimento, la pompa e gli accessori.<\/span><\/p>\n<p>&nbsp;<\/p>\n<p><span style=\"color: #000000;\">Per chi possiede una piscina e ha necessit\u00e0 di rinnovarla Garden Pi\u00f9 Piscine offre un servizio accurato e professionale per identificare i guasti o eventuali perdite degli impianti, cui seguir\u00e0 un progetto ed un preventivo dettagliato degli interventi. Inoltre, in caso di lavorazioni drastiche, il cliente pu\u00f2 decidere di modificare o aggiungere soluzioni diverse dal progetto originario. In sintesi, se gli accessori in plastica sono ingialliti o i fari non funzionano; se la pompa \u00e8 stanca e rumorosa o il filtro \u00e8 calcificato; se il PVC \u00e8 sbiadito o tagliato, la nostra ditta interviene ed in breve riporta a nuovo splendore la vostra piscina.<\/span><\/p>\n<p>&nbsp;<\/p>\n<p><span style=\"color: #000000;\">Nel frattempo il settore si \u00e8 evoluto e questo ci permette di apportare tecnologia nei vostri impianti che Vi aiuter\u00e0 nella conduzione e manutenzione della piscina; come ad esempio le pompe a velocit\u00e0 variabile con forte risparmio energetico; o gli impianti di elettrolisi che trasformano il sale in cloro gas; oppure le pompe di calore che oltre a farvi godere della piscina molto pi\u00f9 a lungo, hanno il pregio di aver dimezzato i costi di impianto. E molto altro ancora&#8230;<\/span><\/p>\n<p>&nbsp;<\/p>\n<p><em><strong><span style=\"color: #000000;\">Saremo lieti di aiutarVi a riportare &#8220;a nuovo splendore&#8221; il Vostro angolo relax.<\/span><\/strong><\/em>[\/vc_column_text][vc_separator type=&#8221;transparent&#8221; down=&#8221;15&#8243;][\/vc_column][\/vc_row]\n","protected":false},"excerpt":{"rendered":"<p>[vc_row row_type=&#8221;row&#8221; text_align=&#8221;left&#8221; css_animation=&#8221;&#8221;][vc_column][vc_column_text el_class=&#8221;giustificato&#8221;]NUOVO SPLENDORE ALLA TUA PISCINA La vita media di una piscina interrata e dei sui accessori \u00e8 di circa 10\/15 anni, in quanto l&#8217;utilizzo intensivo dei prodotti e soprattutto del cloro, molto spesso usato senza i dovuti accorgimenti, vanno ad intaccare&#8230;<\/p>\n","protected":false},"author":1,"featured_media":0,"parent":0,"menu_order":0,"comment_status":"closed","ping_status":"closed","template":"","meta":[],"_links":{"self":[{"href":"https:\/\/www.gardenpiu.eu\/portale\/wp-json\/wp\/v2\/pages\/7577"}],"collection":[{"href":"https:\/\/www.gardenpiu.eu\/portale\/wp-json\/wp\/v2\/pages"}],"about":[{"href":"https:\/\/www.gardenpiu.eu\/portale\/wp-json\/wp\/v2\/types\/page"}],"author":[{"embeddable":true,"href":"https:\/\/www.gardenpiu.eu\/portale\/wp-json\/wp\/v2\/users\/1"}],"replies":[{"embeddable":true,"href":"https:\/\/www.gardenpiu.eu\/portale\/wp-json\/wp\/v2\/comments?post=7577"}],"version-history":[{"count":6,"href":"https:\/\/www.gardenpiu.eu\/portale\/wp-json\/wp\/v2\/pages\/7577\/revisions"}],"predecessor-version":[{"id":7583,"href":"https:\/\/www.gardenpiu.eu\/portale\/wp-json\/wp\/v2\/pages\/7577\/revisions\/7583"}],"wp:attachment":[{"href":"https:\/\/www.gardenpiu.eu\/portale\/wp-json\/wp\/v2\/media?parent=7577"}],"curies":[{"name":"wp","href":"https:\/\/api.w.org\/{rel}","templated":true}]}}